{"id":868,"date":"2025-06-18T11:35:15","date_gmt":"2025-06-18T16:35:15","guid":{"rendered":"https:\/\/gaffel.co\/?page_id=868"},"modified":"2025-12-03T18:22:22","modified_gmt":"2025-12-03T23:22:22","slug":"politica-de-tratamiento-de-datos","status":"publish","type":"page","link":"https:\/\/gaffel.co\/en\/politica-de-tratamiento-de-datos\/","title":{"rendered":"Pol\u00edtica de tratamiento de datos"},"content":{"rendered":"<div data-elementor-type=\"wp-page\" data-elementor-id=\"868\" class=\"elementor elementor-868\" data-elementor-post-type=\"page\">\n\t\t\t\t<div class=\"elementor-element elementor-element-9407edf e-flex e-con-boxed e-con e-parent\" data-id=\"9407edf\" data-element_type=\"container\" data-e-type=\"container\">\n\t\t\t\t\t<div class=\"e-con-inner\">\n\t\t\t\t<div class=\"elementor-element elementor-element-30874e4 elementor-widget elementor-widget-heading\" data-id=\"30874e4\" data-element_type=\"widget\" data-e-type=\"widget\" data-widget_type=\"heading.default\">\n\t\t\t\t<div class=\"elementor-widget-container\">\n\t\t\t\t\t<h1 class=\"elementor-heading-title elementor-size-default\">Data Processing Policy<\/h1>\t\t\t\t<\/div>\n\t\t\t\t<\/div>\n\t\t\t\t<div class=\"elementor-element elementor-element-774963a elementor-widget elementor-widget-text-editor\" data-id=\"774963a\" data-element_type=\"widget\" data-e-type=\"widget\" data-widget_type=\"text-editor.default\">\n\t\t\t\t<div class=\"elementor-widget-container\">\n\t\t\t\t\t\t\t\t\t<p class=\"translation-block\"><strong>Representaciones Gaffel S.A.S.<\/strong> is committed to the protection of private and confidential information obtained within the ordinary course of its business in development of its respective corporate purpose.<\/p><p>\u00a0<\/p><p class=\"\">Our policies and procedures are based on the current regulatory framework for the protection of personal data, which is primarily developed by Law 1581 of 2012. The aforementioned policies and procedures aim to protect the information entrusted to us, with our intention being to collect exclusively that information which has been voluntarily supplied by our Clients, Suppliers, Employees, Former Employees, and Visitors, and other natural persons for specific purposes previously informed.<\/p><p>\u00a0<\/p><p class=\"\">Therefore, the Company, whose principal domicile is in the city of Medell\u00edn (Colombia), hereby informs you that:<\/p><p>\u00a0<\/p><p class=\"translation-block\"><strong>Representaciones Gaffel S.A.S.<\/strong>, as the responsible party and\/or in charge of the personal and\/or corporate data information supplied by their respective data subjects, in compliance with the provisions of Law 1581 of 2012, Decree 1377 of 2013, and other complementary regulations that develop the constitutional right that all persons have to know, update, and rectify all types of personal data collected about them in databases or files, which makes them susceptible to treatment by public or private entities, respectfully addresses you with the purpose of obtaining your authorization for the processing of your personal data, understanding that this is granted freely, previously, expressly, voluntarily, and duly informed, allowing administrative, commercial, and operational departments to collect, store, and use the data that has been supplied by you and incorporated into the organization's various databases.<\/p><p>\u00a0<\/p><p class=\"translation-block\">This data will be used in the development of <strong>Representaciones Gaffel S.A.S.<\/strong>'s own functions for the development of its corporate purpose, as well as to facilitate confidential and efficient communication with you to provide information of interest about our services, offers, alliances, newsletters, content, events, administrative management, collection management, process follow-ups, among others. This supplied information may be shared among internal departments of <strong>Representaciones Gaffel S.A.S.<\/strong> but will not be commercialized under any circumstances. To expressly authorize the processing of your personal and\/or corporate data, we invite you <strong>to fill out the form provided below for this purpose or to sign the attached document<\/strong> and send it electronically to gaffel@gaffel.co or physically to <strong>Cra. 50 #50-14, floor 12<\/strong> Medell\u00edn-Antioquia. The voluntary provision of personal data to the Company for a determinable purpose, subsequent to the receipt or knowledge of this privacy notice, is considered unequivocal conduct that authorizes the Company to process data in accordance with Article Seven of Decree 1377 of 2013, without prejudice to the fact that written authorization may be requested beforehand.<\/p><p>\u00a0<\/p><p class=\"translation-block\">You may exercise the rights established in Article Eight of Law 1581 of 2012, especially those corresponding to knowing, updating, rectifying, modifying, or deleting the data collected in databases or files, as well as revoking the authorization granted for their processing, under the terms established in current regulations and in the Company's Personal Data Processing Policy, which may be consulted at any time at the following link: Personal Data Processing Policy or you may request it physically from the administration department, at the company's administrative offices. Your rights, inquiries, complaints, petitions, or any eventuality related to the protection of personal data may be exercised through the following communication channels:<\/p><p>\u00a0<\/p><p class=\"\">Telephone line: +57 60 (4) 511 19 69<\/p><p>\u00a0<\/p><p class=\"\">Email: gaffel@gaffel.co<\/p><p>\u00a0<\/p><p class=\"\">At the offices located at Carrera 50 #50-14, floor 12 Medell\u00edn-Antioquia<\/p><p>\u00a0<\/p><p class=\"\">Opening Hours:<\/p><p>\u00a0<\/p><p class=\"\">Monday to Friday from 7:00 am to 5:00 pm.<\/p>\t\t\t\t\t\t\t\t<\/div>\n\t\t\t\t<\/div>\n\t\t\t\t\t<\/div>\n\t\t\t\t<\/div>\n\t\t\t\t<\/div>","protected":false},"excerpt":{"rendered":"<p>Pol\u00edtica de Tratamiento de Datos Representaciones Gaffel S.A.S.\u00a0se encuentra comprometida con la protecci\u00f3n de la informaci\u00f3n de car\u00e1cter privado y confidencial que es obtenida dentro del giro ordinario de sus negocios en desarrollo de su respectivo objeto social. \u00a0 Nuestras pol\u00edticas y procedimientos tienen como base el marco normativo vigente para la protecci\u00f3n de datos [&hellip;]<\/p>\n","protected":false},"author":1,"featured_media":0,"parent":0,"menu_order":0,"comment_status":"closed","ping_status":"closed","template":"elementor_header_footer","meta":{"content-type":"","_joinchat":[],"footnotes":""},"class_list":["post-868","page","type-page","status-publish","hentry"],"_links":{"self":[{"href":"https:\/\/gaffel.co\/en\/wp-json\/wp\/v2\/pages\/868","targetHints":{"allow":["GET"]}}],"collection":[{"href":"https:\/\/gaffel.co\/en\/wp-json\/wp\/v2\/pages"}],"about":[{"href":"https:\/\/gaffel.co\/en\/wp-json\/wp\/v2\/types\/page"}],"author":[{"embeddable":true,"href":"https:\/\/gaffel.co\/en\/wp-json\/wp\/v2\/users\/1"}],"replies":[{"embeddable":true,"href":"https:\/\/gaffel.co\/en\/wp-json\/wp\/v2\/comments?post=868"}],"version-history":[{"count":7,"href":"https:\/\/gaffel.co\/en\/wp-json\/wp\/v2\/pages\/868\/revisions"}],"predecessor-version":[{"id":3729,"href":"https:\/\/gaffel.co\/en\/wp-json\/wp\/v2\/pages\/868\/revisions\/3729"}],"wp:attachment":[{"href":"https:\/\/gaffel.co\/en\/wp-json\/wp\/v2\/media?parent=868"}],"curies":[{"name":"wp","href":"https:\/\/api.w.org\/{rel}","templated":true}]}}

Política de tratamiento de datos

<div data-elementor-type="wp-page" data-elementor-id="868" class="elementor elementor-868" data-elementor-post-type="page">
				<div class="elementor-element elementor-element-9407edf e-flex e-con-boxed e-con e-parent" data-id="9407edf" data-element_type="container" data-e-type="container">
					<div class="e-con-inner">
				<div class="elementor-element elementor-element-30874e4 elementor-widget elementor-widget-heading" data-id="30874e4" data-element_type="widget" data-e-type="widget" data-widget_type="heading.default">
				<div class="elementor-widget-container">
					<h1 class="elementor-heading-title elementor-size-default">Data Processing Policy</h1>				</div>
				</div>
				<div class="elementor-element elementor-element-774963a elementor-widget elementor-widget-text-editor" data-id="774963a" data-element_type="widget" data-e-type="widget" data-widget_type="text-editor.default">
				<div class="elementor-widget-container">
									<p class="translation-block"><strong>Representaciones Gaffel S.A.S.</strong> is committed to the protection of private and confidential information obtained within the ordinary course of its business in development of its respective corporate purpose.</p><p> </p><p class="">Our policies and procedures are based on the current regulatory framework for the protection of personal data, which is primarily developed by Law 1581 of 2012. The aforementioned policies and procedures aim to protect the information entrusted to us, with our intention being to collect exclusively that information which has been voluntarily supplied by our Clients, Suppliers, Employees, Former Employees, and Visitors, and other natural persons for specific purposes previously informed.</p><p> </p><p class="">Therefore, the Company, whose principal domicile is in the city of Medellín (Colombia), hereby informs you that:</p><p> </p><p class="translation-block"><strong>Representaciones Gaffel S.A.S.</strong>, as the responsible party and/or in charge of the personal and/or corporate data information supplied by their respective data subjects, in compliance with the provisions of Law 1581 of 2012, Decree 1377 of 2013, and other complementary regulations that develop the constitutional right that all persons have to know, update, and rectify all types of personal data collected about them in databases or files, which makes them susceptible to treatment by public or private entities, respectfully addresses you with the purpose of obtaining your authorization for the processing of your personal data, understanding that this is granted freely, previously, expressly, voluntarily, and duly informed, allowing administrative, commercial, and operational departments to collect, store, and use the data that has been supplied by you and incorporated into the organization's various databases.</p><p> </p><p class="translation-block">This data will be used in the development of <strong>Representaciones Gaffel S.A.S.</strong>'s own functions for the development of its corporate purpose, as well as to facilitate confidential and efficient communication with you to provide information of interest about our services, offers, alliances, newsletters, content, events, administrative management, collection management, process follow-ups, among others. This supplied information may be shared among internal departments of <strong>Representaciones Gaffel S.A.S.</strong> but will not be commercialized under any circumstances. To expressly authorize the processing of your personal and/or corporate data, we invite you <strong>to fill out the form provided below for this purpose or to sign the attached document</strong> and send it electronically to gaffel@gaffel.co or physically to <strong>Cra. 50 #50-14, floor 12</strong> Medellín-Antioquia. The voluntary provision of personal data to the Company for a determinable purpose, subsequent to the receipt or knowledge of this privacy notice, is considered unequivocal conduct that authorizes the Company to process data in accordance with Article Seven of Decree 1377 of 2013, without prejudice to the fact that written authorization may be requested beforehand.</p><p> </p><p class="translation-block">You may exercise the rights established in Article Eight of Law 1581 of 2012, especially those corresponding to knowing, updating, rectifying, modifying, or deleting the data collected in databases or files, as well as revoking the authorization granted for their processing, under the terms established in current regulations and in the Company's Personal Data Processing Policy, which may be consulted at any time at the following link: Personal Data Processing Policy or you may request it physically from the administration department, at the company's administrative offices. Your rights, inquiries, complaints, petitions, or any eventuality related to the protection of personal data may be exercised through the following communication channels:</p><p> </p><p class="">Telephone line: +57 60 (4) 511 19 69</p><p> </p><p class="">Email: gaffel@gaffel.co</p><p> </p><p class="">At the offices located at Carrera 50 #50-14, floor 12 Medellín-Antioquia</p><p> </p><p class="">Opening Hours:</p><p> </p><p class="">Monday to Friday from 7:00 am to 5:00 pm.</p>								</div>
				</div>
					</div>
				</div>
				</div>

<p>Política de Tratamiento de Datos Representaciones Gaffel S.A.S. se encuentra comprometida con la protección de la información de carácter privado y confidencial que es obtenida dentro del giro ordinario de sus negocios en desarrollo de su respectivo objeto social.   Nuestras políticas y procedimientos tienen como base el marco normativo vigente para la protección de datos [&hellip;]</p>
